{"id":94,"date":"2020-05-25T19:02:49","date_gmt":"2020-05-25T17:02:49","guid":{"rendered":"https:\/\/kidoinausbildung.shinsonhapkido.org\/?page_id=94"},"modified":"2025-04-10T12:43:55","modified_gmt":"2025-04-10T10:43:55","slug":"start","status":"publish","type":"page","link":"https:\/\/ki-do-in.shinsonhapkido.org\/","title":{"rendered":"Start"},"content":{"rendered":"\n<p><em>\u201eKi Do In ist die Kunst, sich von innen heraus zu bewegen. Sich von innen heraus zu bewegen,  bedeutet, sich von der Stimme des wahren Herzens leiten zu lassen.&#8220;&nbsp;                                                                                          Sonsanim Ko Myong<\/em><\/p>\n\n\n\n<p>Willkommen auf der Webseite der International Shinson Hapkido Association zur Ausbildung als Ki Do In Lehrer*in.&nbsp;<\/p>\n\n\n\n<p>Die ganzheitliche Energie- und Heilgymnastik Ki Do In beinhaltet Meditation, Energieatemtechniken, ganzheitliche Bewegung sowie praktische \u00dcbungen und theoretisches Wissen aus der \u00f6stlichen und westlichen Gesundheitslehre. Freude an der Bewegung ist ein zentrales Thema, das Werkzeug dazu sind einfache und klare Bewegungen.&nbsp;<\/p>\n\n\n\n<p>Ziel von Ki Do In ist es, die eigene Energie (Ki) zu sp\u00fcren, sie frei flie\u00dfen zu lassen und auf nat\u00fcrliche Weise zu leiten (Do In). So k\u00f6nnen Praktizierende zu sich und ihrer wahren Natur zur\u00fcckzufinden, damit ein Leben in Frieden, Harmonie und Freiheit m\u00f6glich wird.&nbsp;<\/p>\n\n\n\n<figure class=\"wp-block-image size-large\"><img decoding=\"async\" src=\"https:\/\/ki-do-in.shinsonhapkido.org\/wp-content\/uploads\/2025\/04\/Aushang_ausb_Koeln_250402-scaled.jpg\" alt=\"\"\/><\/figure>\n\n\n\n<div class=\"wp-block-media-text has-media-on-the-right is-stacked-on-mobile is-vertically-aligned-bottom\"><div class=\"wp-block-media-text__content\">\n<p><\/p>\n\n\n\n<p><\/p>\n\n\n\n<p><\/p>\n\n\n\n<p><\/p>\n\n\n\n<p><\/p>\n\n\n\n<p><\/p>\n\n\n\n<p><a href=\"https:\/\/ki-do-in.shinsonhapkido.org\/wp-content\/uploads\/2025\/02\/2025-Ki-Do-In-im-TQJ.pdf\">Artikel \u00fcber Ki Do In imTaiji Qigong Journal, Januar 2025.<\/a><\/p>\n<\/div><figure class=\"wp-block-media-text__media\"><a href=\"https:\/\/ki-do-in.shinsonhapkido.org\/wp-content\/uploads\/2025\/02\/2025-Ki-Do-In-im-TQJ.pdf\"><img loading=\"lazy\" decoding=\"async\" width=\"724\" height=\"1024\" src=\"https:\/\/ki-do-in.shinsonhapkido.org\/wp-content\/uploads\/2025\/02\/2025-Ki-Do-In-im-TQJ_cover-724x1024.jpg\" alt=\"\" class=\"wp-image-795 size-full\" srcset=\"https:\/\/ki-do-in.shinsonhapkido.org\/wp-content\/uploads\/2025\/02\/2025-Ki-Do-In-im-TQJ_cover-724x1024.jpg 724w, https:\/\/ki-do-in.shinsonhapkido.org\/wp-content\/uploads\/2025\/02\/2025-Ki-Do-In-im-TQJ_cover-212x300.jpg 212w, https:\/\/ki-do-in.shinsonhapkido.org\/wp-content\/uploads\/2025\/02\/2025-Ki-Do-In-im-TQJ_cover-768x1086.jpg 768w, https:\/\/ki-do-in.shinsonhapkido.org\/wp-content\/uploads\/2025\/02\/2025-Ki-Do-In-im-TQJ_cover-1086x1536.jpg 1086w, https:\/\/ki-do-in.shinsonhapkido.org\/wp-content\/uploads\/2025\/02\/2025-Ki-Do-In-im-TQJ_cover-1448x2048.jpg 1448w, https:\/\/ki-do-in.shinsonhapkido.org\/wp-content\/uploads\/2025\/02\/2025-Ki-Do-In-im-TQJ_cover-scaled.jpg 1810w\" sizes=\"auto, (max-width: 724px) 100vw, 724px\" \/><\/a><\/figure><\/div>\n","protected":false},"excerpt":{"rendered":"<p>\u201eKi Do In ist die Kunst, sich von innen heraus zu bewegen. Sich von innen heraus zu bewegen, bedeutet, sich von der Stimme des wahren Herzens leiten zu lassen.&#8220;&nbsp; Sonsanim Ko Myong Willkommen auf der Webseite der International Shinson Hapkido Association zur Ausbildung als Ki Do In Lehrer*in.&nbsp; Die ganzheitliche Energie- und Heilgymnastik Ki Do &hellip; <\/p>\n<p class=\"link-more\"><a href=\"https:\/\/ki-do-in.shinsonhapkido.org\/\" class=\"more-link\"><span class=\"screen-reader-text\">\u201eStart\u201c <\/span>weiterlesen<\/a><\/p>\n","protected":false},"author":1,"featured_media":0,"parent":0,"menu_order":0,"comment_status":"closed","ping_status":"closed","template":"","meta":{"footnotes":""},"class_list":["post-94","page","type-page","status-publish","hentry"],"_links":{"self":[{"href":"https:\/\/ki-do-in.shinsonhapkido.org\/index.php\/wp-json\/wp\/v2\/pages\/94","targetHints":{"allow":["GET"]}}],"collection":[{"href":"https:\/\/ki-do-in.shinsonhapkido.org\/index.php\/wp-json\/wp\/v2\/pages"}],"about":[{"href":"https:\/\/ki-do-in.shinsonhapkido.org\/index.php\/wp-json\/wp\/v2\/types\/page"}],"author":[{"embeddable":true,"href":"https:\/\/ki-do-in.shinsonhapkido.org\/index.php\/wp-json\/wp\/v2\/users\/1"}],"replies":[{"embeddable":true,"href":"https:\/\/ki-do-in.shinsonhapkido.org\/index.php\/wp-json\/wp\/v2\/comments?post=94"}],"version-history":[{"count":18,"href":"https:\/\/ki-do-in.shinsonhapkido.org\/index.php\/wp-json\/wp\/v2\/pages\/94\/revisions"}],"predecessor-version":[{"id":828,"href":"https:\/\/ki-do-in.shinsonhapkido.org\/index.php\/wp-json\/wp\/v2\/pages\/94\/revisions\/828"}],"wp:attachment":[{"href":"https:\/\/ki-do-in.shinsonhapkido.org\/index.php\/wp-json\/wp\/v2\/media?parent=94"}],"curies":[{"name":"wp","href":"https:\/\/api.w.org\/{rel}","templated":true}]}}