{"id":109,"date":"2020-05-25T19:36:36","date_gmt":"2020-05-25T17:36:36","guid":{"rendered":"https:\/\/kidoinausbildung.shinsonhapkido.org\/?page_id=109"},"modified":"2021-12-15T14:30:21","modified_gmt":"2021-12-15T13:30:21","slug":"die-ausbildung","status":"publish","type":"page","link":"https:\/\/ki-do-in.shinsonhapkido.org\/index.php\/die-ausbildung\/","title":{"rendered":"Inhalte"},"content":{"rendered":"\n<p><strong>Inhalte der Ausbildung in Praxis und Theorie:<\/strong><\/p>\n\n\n\n<ul class=\"wp-block-list\"><li>Die F\u00fcnf S\u00e4ulen des Ki Do In<\/li><li>Die F\u00fcnf Trainingsarten des Ki Do In<\/li><li>Ausgew\u00e4hlte Ki Do In \u00dcbungen und \u00dcbungsreihen<\/li><li>Akupressur und Massage<\/li><li>Meditation&nbsp;<\/li><li>Die Geschichte und Bedeutung von Ki Do In<\/li><li>Hanol und Do (Die Lehre von der Einheit)<\/li><li>Um &amp; Yang (Das Gesetz der Polarit\u00e4t)<\/li><li>Ki (Energie)<\/li><li>Die drei Sch\u00e4tze Jong-Ki-Shin (K\u00f6rper-Atem-Geist)<\/li><li>Chon-Jie-In (Einheit von Himmel-Erde-Mensch)<\/li><li>Oh Haeng (die F\u00fcnf Wandlungsphasen)<\/li><li>Meridianlehre<\/li><li>Hwal in Sul (Heilkunde): Organsysteme und Krankheitsbilder<\/li><li>die F\u00fcnf Lehrmethoden von Shinson Hapkido<\/li><li>Bewegungsprinzipien von Shinson Hapkido<\/li><li>Trainingsaufbau (\u00f6stlicher und westlicher Blick)<\/li><li>Umgang mit Gruppen<\/li><\/ul>\n\n\n\n<p>Die Wurzeln von Ki Do In liegen in der koreanischen Gesundheitslehre und Philosophie und werden durch westliches Wissen, insbesondere aus Medizin und Sportwissenschaften, erg\u00e4nzt. Die f\u00fcnf S\u00e4ulen des Ki Do In sind: Meditation, Ki-Atemtechniken, ganzheitliche Bewegungen, Gesundheitslehre und Freude an der Bewegung.&nbsp;<\/p>\n\n\n\n<p>Ki Do In geht zur\u00fcck auf die Shinson Hapkido Gemeinschaft mit ihrem Gr\u00fcnder Gro\u00dfmeister Ko Myong und dessen Lehrer und Mentor Hapkido Gro\u00dfmeister Park Hyun-Soo aus S\u00fcdkorea.<\/p>\n\n\n\n<p>Ein gesundes, langes Leben in Zufriedenheit f\u00fchren:&nbsp;welche Haltung, welches Werkzeug brauchen wir dazu? Der Weg dorthin kann sehr unterschiedlich sein.<\/p>\n\n\n\n<p>Das Ki Do In Training bietet einen guten Weg dies zu erlernen. Es ist die Kunst, sich von innen heraus zu bewegen.&nbsp;Sich von innen heraus zu bewegen bedeutet, sich von der Stimme des Herzens leiten zu lassen. Die Stimme des Herzens h\u00f6ren wir am besten in der inneren Stille. Wir erkennen sie sofort: Alles, was wir denken, empfinden und tun f\u00fchlt sich authentisch und stimmig an.&nbsp;<\/p>\n\n\n\n<p>Ki Do In ist ein ganzheitliches Ki-Training, dessen Inhalt und Ziel es ist, die eigene Energie (Ki) zu sp\u00fcren, sie frei flie\u00dfen zu lassen und auf nat\u00fcrliche Weise zu leiten (Do In). Das Werkzeug dazu sind einfache und klare Bewegungen, die Freude&nbsp; bringen. Sie helfen zu sich, zu den eigenen Wurzeln und zur wahren Natur zur\u00fcckzufinden.&nbsp;<\/p>\n","protected":false},"excerpt":{"rendered":"<p>Inhalte der Ausbildung in Praxis und Theorie: Die F\u00fcnf S\u00e4ulen des Ki Do In Die F\u00fcnf Trainingsarten des Ki Do In Ausgew\u00e4hlte Ki Do In \u00dcbungen und \u00dcbungsreihen Akupressur und Massage Meditation&nbsp; Die Geschichte und Bedeutung von Ki Do In Hanol und Do (Die Lehre von der Einheit) Um &amp; Yang (Das Gesetz der Polarit\u00e4t) &hellip; <\/p>\n<p class=\"link-more\"><a href=\"https:\/\/ki-do-in.shinsonhapkido.org\/index.php\/die-ausbildung\/\" class=\"more-link\"><span class=\"screen-reader-text\">\u201eInhalte\u201c <\/span>weiterlesen<\/a><\/p>\n","protected":false},"author":1,"featured_media":0,"parent":0,"menu_order":0,"comment_status":"closed","ping_status":"closed","template":"","meta":{"footnotes":""},"class_list":["post-109","page","type-page","status-publish","hentry"],"_links":{"self":[{"href":"https:\/\/ki-do-in.shinsonhapkido.org\/index.php\/wp-json\/wp\/v2\/pages\/109","targetHints":{"allow":["GET"]}}],"collection":[{"href":"https:\/\/ki-do-in.shinsonhapkido.org\/index.php\/wp-json\/wp\/v2\/pages"}],"about":[{"href":"https:\/\/ki-do-in.shinsonhapkido.org\/index.php\/wp-json\/wp\/v2\/types\/page"}],"author":[{"embeddable":true,"href":"https:\/\/ki-do-in.shinsonhapkido.org\/index.php\/wp-json\/wp\/v2\/users\/1"}],"replies":[{"embeddable":true,"href":"https:\/\/ki-do-in.shinsonhapkido.org\/index.php\/wp-json\/wp\/v2\/comments?post=109"}],"version-history":[{"count":12,"href":"https:\/\/ki-do-in.shinsonhapkido.org\/index.php\/wp-json\/wp\/v2\/pages\/109\/revisions"}],"predecessor-version":[{"id":613,"href":"https:\/\/ki-do-in.shinsonhapkido.org\/index.php\/wp-json\/wp\/v2\/pages\/109\/revisions\/613"}],"wp:attachment":[{"href":"https:\/\/ki-do-in.shinsonhapkido.org\/index.php\/wp-json\/wp\/v2\/media?parent=109"}],"curies":[{"name":"wp","href":"https:\/\/api.w.org\/{rel}","templated":true}]}}